when 42 is divided by 36?
6
What is the remainder when 433 is divided by 58?
27
What is the remainder when 206 is divided by 11?
8
Calculate the remainder when 346 is divided by 36.
22
Calculate the remainder when 677 is divided by 132.
17
What is the remainder when 178 is divided by 10?
8
Calculate the remainder when 216 is divided by 203.
13
What is the remainder when 3403 is divided by 15?
13
What is the remainder when 200 is divided by 57?
29
What is the remainder when 103 is divided by 41?
21
What is the remainder when 54 is divided by 19?
16
Calculate the remainder when 1979 is divided by 15.
14
What is the remainder when 6 is divided by 5?
1
Calculate the remainder when 127 is divided by 44.
39
Calculate the remainder when 169 is divided by 8.
1
Calculate the remainder when 6372 is divided by 51.
48
Calculate the remainder when 434 is divided by 46.
20
Calculate the remainder when 55 is divided by 36.
19
What is the remainder when 347 is divided by 126?
95
What is the remainder when 751 is divided by 69?
61
Calculate the remainder when 113 is divided by 50.
13
What is the remainder when 66 is divided by 42?
24
Calculate the remainder when 635 is divided by 29.
26
Calculate the remainder when 1293 is divided by 18.
15
Calculate the remainder when 1149 is divided by 383.
0
What is the remainder when 164 is divided by 7?
3
What is the remainder when 142 is divided by 37?
31
Calculate the remainder when 515 is divided by 187.
141
Calculate the remainder when 672 is divided by 96.
0
What is the remainder when 2960 is divided by 51?
2
What is the remainder when 1673 is divided by 193?
129
Calculate the remainder when 1658 is divided by 43.
24
Calculate the remainder when 525 is divided by 107.
97
What is the remainder when 498 is divided by 46?
38
Calculate the remainder when 1104 is divided by 56.
40
What is the remainder when 4891 is divided by 62?
55
What is the remainder when 80103 is divided by 39?
36
Calculate the remainder when 88 is divided by 80.
8
Calculate the remainder when 14 is divided by 3.
2
Calculate the remainder when 719 is divided by 46.
29
What is the remainder when 200 is divided by 145?
55
What is the remainder when 553 is divided by 186?
181
What is the remainder when 136 is divided by 132?
4
What is the remainder when 1355 is divided by 14?
11
What is the remainder when 1504 is divided by 18?
10
What is the remainder when 997 is divided by 328?
13
What is the remainder when 362 is divided by 14?
12
What is the remainder when 182 is divided by 10?
2
What is the remainder when 12468 is divided by 337?
336
Calculate the remainder when 5058 is divided by 92.
90
What is the remainder when 191 is divided by 61?
8
Calculate the remainder when 1170 is divided by 69.
66
What is the remainder when 3581 is divided by 65?
6
What is the remainder when 923 is divided by 120?
83
What is the remainder when 61 is divided by 21?
19
Calculate the remainder when 963 is divided by 69.
66
Calculate the remainder when 1616 is divided by 321.
11
Calculate the remainder when 202 is divided by 29.
28
Calculate the remainder when 15934 is divided by 21.
16
Calculate the remainder when 68 is divided by 49.
19
Calculate the remainder when 29 is divided by 22.
7
Calculate the remainder when 679 is divided by 85.
84
Calculate the remainder when 74 is divided by 28.
18
Calculate the remainder when 168 is divided by 44.
36
What is the remainder when 67 is divided by 27?
13
What is the remainder when 308 is divided by 78?
74
Calculate the remainder when 275 is divided by 69.
68
What is the remainder when 105 is divided by 14?
7
What is the remainder when 1016 is divided by 91?
15
What is the remainder when 980 is divided by 82?
78
What is the remainder when 244 is divided by 39?
10
What is the remainder when 1458 is divided by 453?
99
What is the remainder when 866 is divided by 9?
2
Calculate the remainder when 609 is divided by 61.
60
What is the remainder when 880 is divided by 13?
9
What is the remainder when 678 is divided by 619?
59
Calculate the remainder when 412 is divided by 47.
36
Calculate the remainder when 8158 is divided by 68.
66
Calculate the remainder when 468 is divided by 7.
6
Calculate the remainder when 806 is divided by 162.
158
What is the remainder when 609 is divided by 199?
12
What is the remainder when 1025 is divided by 49?
45
Calculate the remainder when 40 is divided by 14.
12
Calculate the remainder when 211 is divided by 75.
61
What is the remainder when 719 is divided by 10?
9
Calculate the remainder when 15 is divided by 4.
3
What is the remainder when 2103 is divided by 6?
3
Calculate the remainder when 972 is divided by 164.
152
Calculate the remainder when 192 is divided by 126.
66
Calculate the remainder when 294 is divided by 37.
35
Calculate the remainder when 200 is divided by 76.
48
Calculate the remainder when 49 is divided by 25.
24
Calculate the remainder when 249 is divided by 20.
9
What is the remainder when 1026 is divided by 7?
4
Calculate the remainder when 403 is divided by 9.
7
What is the remainder when 157 is divided by 30?
7
What is the remainder when 382 is divided by 16?
14
What is the remainder when 1103 is divided by 85?
83
Calculate the remainder when 60 is divided by 8.
4
What is the remainder when 153 is divided by 4?
1
What is the remainder when 3213 is divided by 535?
3
Calculate the remainder when 408 is divided by 88.
56
Calculate the remainder when 957 is divided by 276.
129
What is the remainder when 129 is divided by 27?
21
Calculate the remainder when 4927 is divided by 1639.
10
Calculate the remainder when 246 is divided by 121.
4
What is the remainder when 2992 is divided by 994?
10
What is the remainder when 10 is divided by 1?
0
What is the remainder when 1299 is divided by 20?
19
What is the remainder when 258 is divided by 18?
6
Calculate the remainder when 5236 is divided by 86.
76
What is the remainder when 13 is divided by 2?
1
What is the remainder when 669 is divided by 6?
3
Calculate the remainder when 428 is divided by 76.
48
Calculate the remainder when 7106 is divided by 27.
5
Calculate the remainder when 181 is divided by 5.
1
Calculate the remainder when 77 is divided by 28.
21
What is the remainder when 349 is divided by 103?
40
What is the remainder when 249 is divided by 3?
0
What is the remainder when 294 is divided by 30?
24
Calculate the remainder when 172 is divided by 48.
28
What is the remainder when 404 is divided by 24?
20
Calculate the remainder when 180 is divided by 44.
4
What is the remainder when 210 is divided by 22?
12
What is the remainder when 863 is divided by 84?
23
What is the remainder when 64 is divided by 14?
8
Calculate the remainder when 209 is divided by 66.
11
Calculate the remainder when 11807 is divided by 5.
2
What is the remainder when 397 is divided by 28?
5
Calculate the remainder when 423 is divided by 106.
105
What is the remainder when 168 is divided by 3?
0
What is the remainder when 1331 is divided by 12?
11
Calculate the remainder when 85 is divided by 4.
1
Calculate the remainder when 479 is divided by 126.
101
What is the remainder when 709 is divided by 32?
5
Calculate the remainder when 132 is divided by 24.
12
What is the remainder when 932 is divided by 900?
32
What is the remainder when 536 is divided by 13?
3
Calculate the remainder when 67 is divided by 37.
30
Calculate the remainder when 311 is divided by 112.
87
Calculate the remainder when 68 is divided by 12.
8
What is the remainder when 237 is divided by 48?
45
What is the remainder when 1145 is divided by 17?
6
Calculate the remainder when 299 is divided by 20.
19
Calculate the remainder when 114 is divided by 23.
22
What is the remainder when 3974 is divided by 5?
4
Calculate the remainder when 28 is divided by 10.
8
What is the remainder when 978 is divided by 20?
18
Calculate the remainder when 217 is divided by 2.
1
Calculate the remainder when 75 is divided by 21.
12
Calculate the remainder when 78 is divided by 9.
6
What is the remainder when 140 is divided by 14?
0
What is the remainder when 121 is divided by 19?
7
Calculate the remainder when 280 is divided by 240.
40
Calculate the remainder when 754 is divided by 381.
373
Calculate the remainder